{"id":257,"date":"2017-04-14T19:20:05","date_gmt":"2017-04-14T17:20:05","guid":{"rendered":"http:\/\/musicinema.es\/?page_id=257"},"modified":"2021-05-20T14:52:24","modified_gmt":"2021-05-20T12:52:24","slug":"improvisacion","status":"publish","type":"page","link":"http:\/\/musicinema.es\/?page_id=257","title":{"rendered":"Improvisaci\u00f3n"},"content":{"rendered":"<p><img loading=\"lazy\" decoding=\"async\" class=\"size-medium wp-image-125 alignleft\" src=\"http:\/\/musicinema.es\/wp-content\/uploads\/2017\/03\/P1050894-1-300x169.jpg\" alt=\"\" width=\"300\" height=\"169\" srcset=\"http:\/\/musicinema.es\/wp-content\/uploads\/2017\/03\/P1050894-1-300x169.jpg 300w, http:\/\/musicinema.es\/wp-content\/uploads\/2017\/03\/P1050894-1-768x432.jpg 768w, http:\/\/musicinema.es\/wp-content\/uploads\/2017\/03\/P1050894-1-1024x575.jpg 1024w\" sizes=\"(max-width: 300px) 100vw, 300px\" \/>Quieres aprender de una manera pr\u00e1ctica, l\u00fadica y divertida el lenguaje de la m\u00fasica moderna?<\/p>\n<p>Aprenderemos a improvisar a partir de patrones r\u00edtmicos sencillos a trav\u00e9s de percusi\u00f3n ,&nbsp; a tocar con swing, con melod\u00edas impregnadas de la escalas pentat\u00f3nicas, modales y de blues.<\/p>\n<p>Una experiencia fant\u00e1stica y genial que seguro contribuir\u00e1 a que seas un m\u00fasico y artista completo, vers\u00e1til y \u00ab\u00fanico\u00bb.<\/p>\n\n\n<figure class=\"wp-block-embed-youtube wp-block-embed is-type-video is-provider-youtube wp-embed-aspect-16-9 wp-has-aspect-ratio\"><div class=\"wp-block-embed__wrapper\">\n<iframe loading=\"lazy\" title=\"Impro\" width=\"634\" height=\"357\" src=\"https:\/\/www.youtube.com\/embed\/3NawIez3sfQ?feature=oembed\" frameborder=\"0\" allow=\"accelerometer; autoplay; clipboard-write; encrypted-media; gyroscope; picture-in-picture\" allowfullscreen><\/iframe>\n<\/div><\/figure>\n","protected":false},"excerpt":{"rendered":"<p>Quieres aprender de una manera pr\u00e1ctica, l\u00fadica y divertida el lenguaje de la m\u00fasica moderna? Aprenderemos a improvisar a partir de patrones r\u00edtmicos sencillos a trav\u00e9s de percusi\u00f3n ,&nbsp; a tocar con swing, con melod\u00edas impregnadas de la escalas pentat\u00f3nicas, modales y de blues. Una experiencia fant\u00e1stica y genial que seguro contribuir\u00e1 a que seas [&hellip;]<\/p>\n","protected":false},"author":1,"featured_media":0,"parent":413,"menu_order":0,"comment_status":"closed","ping_status":"closed","template":"","meta":{"footnotes":""},"wppr_data":{"cwp_meta_box_check":"No"},"_links":{"self":[{"href":"http:\/\/musicinema.es\/index.php?rest_route=\/wp\/v2\/pages\/257"}],"collection":[{"href":"http:\/\/musicinema.es\/index.php?rest_route=\/wp\/v2\/pages"}],"about":[{"href":"http:\/\/musicinema.es\/index.php?rest_route=\/wp\/v2\/types\/page"}],"author":[{"embeddable":true,"href":"http:\/\/musicinema.es\/index.php?rest_route=\/wp\/v2\/users\/1"}],"replies":[{"embeddable":true,"href":"http:\/\/musicinema.es\/index.php?rest_route=%2Fwp%2Fv2%2Fcomments&post=257"}],"version-history":[{"count":2,"href":"http:\/\/musicinema.es\/index.php?rest_route=\/wp\/v2\/pages\/257\/revisions"}],"predecessor-version":[{"id":2024,"href":"http:\/\/musicinema.es\/index.php?rest_route=\/wp\/v2\/pages\/257\/revisions\/2024"}],"up":[{"embeddable":true,"href":"http:\/\/musicinema.es\/index.php?rest_route=\/wp\/v2\/pages\/413"}],"wp:attachment":[{"href":"http:\/\/musicinema.es\/index.php?rest_route=%2Fwp%2Fv2%2Fmedia&parent=257"}],"curies":[{"name":"wp","href":"https:\/\/api.w.org\/{rel}","templated":true}]}}